28 and 160.
8
Calculate the greatest common factor of 21 and 1722.
21
Calculate the highest common factor of 66 and 36102.
66
Calculate the highest common factor of 170 and 6494.
34
Calculate the highest common factor of 65 and 26.
13
What is the highest common divisor of 32 and 24?
8
What is the greatest common factor of 26 and 143?
13
What is the greatest common divisor of 9 and 81?
9
Calculate the highest common factor of 16 and 5000.
8
Calculate the highest common divisor of 1265 and 55.
55
Calculate the greatest common divisor of 180 and 855.
45
Calculate the highest common factor of 52 and 377.
13
Calculate the greatest common divisor of 26871 and 338.
169
Calculate the greatest common divisor of 16 and 1072.
16
What is the highest common divisor of 121 and 28193?
121
Calculate the greatest common divisor of 681 and 6.
3
Calculate the highest common factor of 12 and 444.
12
Calculate the greatest common divisor of 138 and 23322.
138
What is the highest common factor of 464 and 1943?
29
Calculate the highest common factor of 182 and 208.
26
What is the highest common factor of 128 and 112?
16
What is the greatest common factor of 24 and 81?
3
What is the greatest common divisor of 21 and 84?
21
Calculate the highest common divisor of 19 and 437.
19
What is the highest common factor of 315 and 161?
7
Calculate the greatest common divisor of 616 and 88.
88
What is the greatest common divisor of 1696 and 96?
32
Calculate the greatest common factor of 1161 and 516.
129
Calculate the highest common factor of 64 and 4096.
64
Calculate the greatest common factor of 11 and 4455.
11
Calculate the highest common divisor of 1394 and 328.
82
What is the highest common factor of 164 and 2788?
164
Calculate the highest common divisor of 80 and 320.
80
Calculate the highest common divisor of 56579 and 29.
29
Calculate the greatest common divisor of 468 and 18.
18
What is the highest common factor of 721 and 22969?
103
Calculate the highest common factor of 578 and 238.
34
What is the highest common divisor of 44 and 198?
22
Calculate the greatest common divisor of 169 and 208.
13
What is the highest common factor of 17391 and 510?
51
Calculate the highest common divisor of 252 and 315.
63
Calculate the greatest common factor of 115 and 805.
115
What is the greatest common divisor of 2 and 388?
2
Calculate the highest common factor of 143 and 208.
13
What is the greatest common divisor of 2466 and 6?
6
Calculate the greatest common factor of 6077 and 206.
103
Calculate the highest common divisor of 28 and 100.
4
Calculate the greatest common divisor of 2944 and 184.
184
What is the greatest common divisor of 39467 and 122?
61
Calculate the greatest common divisor of 240 and 30.
30
Calculate the greatest common factor of 10 and 8.
2
Calculate the greatest common factor of 4838 and 82.
82
What is the highest common factor of 8 and 696?
8
What is the highest common divisor of 2262 and 12?
6
What is the highest common factor of 5590 and 258?
86
What is the highest common factor of 6 and 71?
1
Calculate the greatest common divisor of 1455 and 15.
15
Calculate the greatest common divisor of 611 and 47.
47
Calculate the greatest common divisor of 25 and 16525.
25
Calculate the highest common factor of 16 and 108.
4
What is the highest common divisor of 2976 and 93?
93
What is the greatest common divisor of 10 and 7330?
10
What is the greatest common factor of 8 and 100?
4
What is the greatest common divisor of 9 and 150?
3
Calculate the highest common divisor of 1188 and 216.
108
Calculate the highest common divisor of 8 and 26.
2
What is the highest common divisor of 558 and 682?
62
Calculate the highest common divisor of 852 and 36.
12
What is the greatest common factor of 658 and 94?
94
What is the greatest common divisor of 396 and 1632?
12
Calculate the highest common divisor of 54 and 846.
18
Calculate the highest common divisor of 4527 and 18.
9
What is the highest common divisor of 31343 and 13?
13
Calculate the greatest common divisor of 1026 and 418.
38
Calculate the highest common divisor of 2 and 144.
2
Calculate the greatest common factor of 119 and 153.
17
Calculate the greatest common divisor of 4131 and 136.
17
Calculate the highest common divisor of 57 and 1311.
57
What is the highest common divisor of 12 and 492?
12
What is the highest common divisor of 168 and 784?
56
Calculate the greatest common factor of 3072 and 54.
6
What is the greatest common factor of 62 and 22971?
31
Calculate the greatest common divisor of 23045 and 22.
11
Calculate the highest common factor of 1593 and 59.
59
Calculate the highest common divisor of 5 and 365.
5
Calculate the highest common factor of 87 and 3.
3
What is the greatest common divisor of 10 and 35?
5
Calculate the greatest common divisor of 505 and 5.
5
Calculate the greatest common divisor of 14 and 133.
7
What is the highest common factor of 4016 and 16?
16
What is the greatest common divisor of 30 and 2920?
10
What is the highest common factor of 1995 and 105?
105
Calculate the greatest common divisor of 1530 and 6.
6
Calculate the highest common divisor of 632 and 8.
8
What is the greatest common divisor of 77 and 301?
7
Calculate the greatest common divisor of 403 and 961.
31
Calculate the greatest common factor of 94 and 188.
94
Calculate the highest common divisor of 4620 and 180.
60
What is the highest common factor of 28 and 756?
28
Calculate the highest common divisor of 365 and 219.
73
What is the greatest common factor of 78 and 63?
3
What is the greatest common divisor of 3735 and 120?
15
Calculate the highest common divisor of 78 and 24.
6
Calculate the greatest common divisor of 74 and 178.
2
What is the highest common factor of 48 and 2676?
12
Calculate the greatest common divisor of 24 and 6312.
24
What is the highest common factor of 23016 and 24?
24
Calculate the greatest common factor of 357 and 408.
51
What is the greatest common divisor of 9410 and 10?
10
What is the highest common divisor of 831 and 2216?
277
Calculate the greatest common factor of 266 and 88046.
266
What is the greatest common factor of 208 and 78?
26
What is the highest common factor of 44 and 121?
11
What is the highest common factor of 209 and 22?
11
What is the highest common factor of 7 and 91?
7
Calculate the highest common divisor of 891 and 15444.
297
Calculate the highest common divisor of 12 and 516.
12
Calculate the greatest common factor of 1512 and 210.
42
Calculate the highest common divisor of 28 and 98.
14
Calculate the highest common divisor of 286 and 77.
11
What is the greatest common factor of 2 and 554?
2
What is the highest common divisor of 438 and 10731?
219
What is the greatest common factor of 56 and 210?
14
What is the greatest common divisor of 48 and 9000?
24
Calculate the highest common divisor of 138 and 114.
6
What is the highest common divisor of 2162 and 2?
2
Calculate the highest common factor of 2115 and 1175.
235
What is the highest common divisor of 80 and 12040?
40
Calculate the highest common factor of 25500 and 12.
12
Calculate the greatest common factor of 90 and 260.
10
What is the greatest common factor of 2057 and 17?
17
What is the highest common divisor of 22 and 2222?
22
What is the greatest common factor of 11 and 913?
11
What is the greatest common divisor of 387 and 344?
43
What is the greatest common factor of 42 and 66?
6
Calculate the highest common divisor of 2499 and 441.
147
Calculate the highest common divisor of 14208 and 64.
64
What is the highest common factor of 744 and 13144?
248
Calculate the highest common divisor of 136 and 527.
17
What is the greatest common factor of 7 and 203?
7
Calculate the highest common factor of 184 and 230.
46
What is the highest common divisor of 396 and 1008?
36
Calculate the greatest common factor of 66 and 594.
66
Calculate the greatest common divisor of 12446 and 98.
98
Calculate the highest common factor of 7 and 203.
7
What is the highest common divisor of 216 and 60?
12
Calculate the highest common factor of 1947 and 77.
11
Calculate the highest common factor of 5028 and 12.
12
Calculate the highest common factor of 43 and 9761.
43
Calculate the greatest common factor of 19 and 3743.
19
What is the highest com